 4 a factor of t?
False
Let w be -3 + 5*(-1)/(-1). Suppose -r - 11 = -5*v, v - 4*v - w*r + 17 = 0. Suppose -58 + 13 = -v*a. Is 4 a factor of a?
False
Let s = 158 + -14. Does 40 divide s?
False
Suppose -6 = -f - f. Suppose -3*m + 3 = -m - f*g, -4 = -2*m + 4*g. Suppose -3*b = -5*i + b + 85, m = i + 4*b + 7. Does 13 divide i?
True
Let s(l) be the third derivative of -l**6/120 - l**5/15 - l**4/6 - l**3/2 - 3*l**2. Let c be s(-3). Let j(h) = -h**2 - h + 42. Is 16 a factor of j(c)?
False
Let n(x) = -27*x + 1. Suppose 3*z - 3 = -9. Is n(z) a multiple of 17?
False
Suppose -5*h - q = 343, -5 = -2*q - 1. Let k be 2/6 - 658/(-6). Let g = h + k. Is 17 a factor of g?
False
Let m = 6 - 0. Is 2/m - (-35)/3 a multiple of 6?
True
Let x = 267 + -177. Is 18 a factor of x?
True
Let s(p) = 3*p**2 + 9*p + 1. Let y(t) = -8*t**2 - 27*t - 3. Let i(k) = -11*s(k) - 4*y(k). Let x be i(6). Suppose -2 = h - x. Does 9 divide h?
False
Let m = 38 - 21. Is 4 a factor of m?
False
Let l be (-43)/(-2)*(-17 - -9). Let t = 275 + l. Does 23 divide t?
False
Let q = 4 - -2. Suppose -3*s + q = i - 16, 3*s + 146 = 5*i. Is 14 a factor of i?
True
Suppose -6*q - d = -2*q - 4, -5*d - 16 = 2*q. Suppose -2*r + 22 = -2*x, -4*r + 30 + q = 2*x. Is 3 a factor of r?
True
Let p(g) = g**3 + 10*g**2 + 9*g + 4. Let l be p(-9). Suppose -4*u + 84 - 16 = 2*w, -2*u = l. Is w a multiple of 14?
False
Let a = 20 - 10. Let o = a - 7. Is o a multiple of 3?
True
Let y(i) = 2*i**3 + 47*i**2 + 22*i - 9. Is 7 a factor of y(-23)?
True
Let t = 89 - 53. Does 8 divide t?
False
Let x(p) = 11*p**2 - p + 2. Is 12 a factor of x(-2)?
True
Let q(k) = 0 + k**2 + 3*k**2 + 1 - k. Let x be q(1). Suppose 201 = x*f - f. Does 24 divide f?
False
Let n(z) = -10*z + 10. Does 27 divide n(-8)?
False
Let o(l) = -l**3 - 4*l**2 - 2*l + 6. Let z be o(-5). Suppose 11 = -5*s + z. Suppose 2*i + 28 = s*i. Does 3 divide i?
False
Suppose 2 = 5*l - 8. Suppose l*s - 200 = -3*s. Suppose 0 = 2*g - 7*g - f + 40, 0 = 5*g - 4*f - s. Is 4 a factor of g?
True
Suppose 3*j = 4*j. Suppose 4*t - 32 - 48 = j. Is 15 a factor of t?
False
Suppose -c + 1 - 7 = 0. Let b(f) = -f**2 - 6*f + 4. Let s be b(c). Let v(a) = 11*a. Is 22 a factor of v(s)?
True
Let m(r) = r - 1. Let q(f) = -f**2 - 4*f - 3. Let a(b) = -4*m(b) - q(b). Let j = 18 + -13. Is 16 a factor of a(j)?
True
Suppose -3*c - 4 + 19 = 0. Let i = 11 + c. Suppose -h - 9 = -5*p, -4*p = 3*h + i - 46. Is h a multiple of 6?
True
Suppose -5 = -2*x + 33. Let b = 39 - x. Is 10 a factor of b?
True
Let u = -8 + 20. Let s = u + -34. Does 5 divide (-8)/(-12) + s/(-3)?
False
Suppose 10*o + k + 1597 = 15*o, 0 = -2*o + 5*k + 625. Does 16 divide o?
True
Suppose -2*v + 5*a - 12 = 1, -2*v = 2*a - 8. Suppose -p + v = -4. Does 5 divide p?
True
Suppose 4*q - s - 267 = 0, 5*s - 233 = -5*q + 132. Does 17 divide q?
True
Let u = 2 + 0. Suppose 6*k + 10 = u*j + 5*k, -5*j + 20 = -5*k. Is 6 a factor of j?
True
Let f(l) be the first derivative of l**3/3 + 2*l**2 + 3*l - 1. Suppose 3*u + 16 = -2. Is 6 a factor of f(u)?
False
Let n(t) = -t**3 - 8*t**2 - 7*t - 7. Let y be n(-8). Suppose 4*q = 5*b - 249, b + 0*q - q = y. Suppose b = 3*x - 67. Is 14 a factor of x?
False
Let t = -115 - -165. Suppose t = l - 0. Does 11 divide l?
False
Suppose 2*v = -v + 6. Let c(d) = -v*d - d + 2*d - 17*d**2 + 48*d**2. Is c(-1) a multiple of 16?
True
Let t(j) = -9*j**2 - 12*j - 2. Let s(u) = 8*u**2 + 11*u + 1. Let w(v) = 6*s(v) + 5*t(v). Let d be w(-5). Suppose -4*h + d = -203. Is 21 a factor of h?
False
Suppose -r = -3*r + 2, 5*r = 3*l + 11. Let o = 7 - l. Let y(i) = -i**2 + 13*i - 6. Is 15 a factor of y(o)?
True
Is -295*(-2)/20*2 a multiple of 11?
False
Let i(n) = -2*n**2 - 2*n - 9. Let q(o) = 2*o**2 + 2*o + 8. Let h(w) = 3*i(w) + 4*q(w). Is 15 a factor of h(4)?
True
Let v(r) = -r**2 - 5*r + 2. Let g be v(-6). Is (81/(-12) + -3)*g a multiple of 17?
False
Let y be (-1 - -2) + 0 - 2. Let a be (1/(-1) + y)/(-2). Let w(v) = 30*v + 1. Is w(a) a multiple of 11?
False
Let z(s) = 13*s - 5. Is z(2) a multiple of 9?
False
Let y(g) = -4*g + 6. Let q(k) = -k**3 - 5*k**2 + 3*k + 5. Let l be q(-5). Is y(l) a multiple of 23?
True
Suppose g - 20 = -4*g. Suppose -2*j + 50 = -g*o, 3*j + 4*o - 54 = 3*o. Is j a multiple of 11?
False
Let u(p) = 85*p - 1. Is 7 a factor of u(1)?
True
Let d = 23 + 41. Does 16 divide d?
True
Let a = -3 - -2. Suppose -10 - 30 = -2*c. Is (-2 + a)/3 + c a multiple of 9?
False
Suppose -3*j + 5*o + 1 = 0, 3*j + 1 = 5*j - 3*o. Suppose -j*x - 3 - 1 = 0, 0 = y + 4*x - 12. Is y a multiple of 10?
True
Let o = 33 + 0. Is o a multiple of 11?
True
Suppose 0 = g - 4 - 0. Suppose 14 = g*l - 42. Is l a multiple of 5?
False
Let n = -10 - 3. Let z = 40 + n. Does 7 divide z?
False
Let a(y) = y**2 + 2*y + 70. Does 35 divide a(0)?
True
Is 20 a factor of (-2422)/(-70) + (0 - (-2)/5)?
False
Let s be -3 + 3 + 2*-1. Let c be s/((-5)/7 + 1). Let j = c - -20. Is 7 a factor of j?
False
Let b(n) = n**2 - 3*n. Let f be (6/(-5))/((-10)/25). Let y be b(f). Suppose -2*c = 3*m - 56, c + m - 48 + 18 = y. Is 12 a factor of c?
False
Let g(w) = 25*w**2 + 3*w + 3. Is 3 a factor of g(-1)?
False
Suppose 3*n + 4*q - 599 = 0, 3*n - 2*q - 750 = -145. Suppose 3*o = -j + 89, 64 = -4*o - 5*j + n. Is o a multiple of 12?
False
Let l(a) be the second derivative of -a**4/12 + 2*a**3/3 - a**2/2 - 3*a. Let k be l(2). Suppose -3*n + y + 20 = 0, 25 + k = 5*n + y. Does 6 divide n?
True
Let m be 1/4 + 119/(-28). Does 6 divide (2 + -29)/(6/m)?
True
Let r = -139 + 291. Is r a multiple of 8?
True
Let a = -43 + 82. Is a a multiple of 15?
False
Suppose -5*v - 1 = -m + 3, -4*v + m - 3 = 0. Let t = v - -1. Suppose y - 1 - 11 = -2*s, -y + 5*s - 16 = t. Is 4 a factor of y?
True
Let x(j) = 11*j + 13. Let z(i) = -i - 1. Let k(q) = -x(q) - 4*z(q). Let a be k(-7). Suppose -y + a = -0*y. Does 20 divide y?
True
Does 13 divide (156/48)/((-1)/(-12))?
True
Let b be (-1 - -94)*2/2. Suppose -4*r - g + 27 = -b, -g + 30 = r. Let w = r - 18. Is 6 a factor of w?
True
Let z(w) = -3*w + 4. Let s be z(-3). Suppose 0*a - 3*v + s = a, 3*v - 25 = 5*a. Is 10 a factor of (a*1)/((-4)/46)?
False
Let l = -84 + 198. Is 19 a factor of l?
True
Suppose -2*l = -522 + 24. Suppose -4*b - 3*v = -261, -3*b - b + v + l = 0. Let u = b + -23. Does 15 divide u?
False
Let a = -175 + 268. Suppose -4*t + 2*y = -0*t - 74, a = 5*t - 3*y. Is t a multiple of 18?
True
Suppose 0 = -5*f + 8*f - 84. Is 4 a factor of f?
True
Suppose 116 + 94 = 5*z. Is 21 a factor of z?
True
Let r be (-9 - 1)*(-1)/1. Suppose r + 10 = 5*b. Suppose -b*w - 3*z + 18 = 0, -16 = -3*w - 2*z + z. Is 3 a factor of w?
True
Does 18 divide 405/3 + (-1 - (-3 - 0))?
False
Suppose 8 = -5*t + 7*t. Does 15 divide (-1)/t - 1185/(-20)?
False
Let v be -26*((-10)/4 + 2). Suppose -2*l + 79 = -v. Does 15 divide l?
False
Suppose 0*a + a = -5. Let c(h) = 4*h**2 - 3*h + 2. Let x be c(a). Suppose 4*w - x = w. Is w a multiple of 17?
False
Is 40 a factor of 2 - (1205/(-5) + 3)?
True
Let p = 44 - 30. Let a = p - -1. Is a a multiple of 15?
True
Let c = -83 + 134. Is c a multiple of 17?
True
Let h(x) = -x**3 - 7*x**2 - 4*x + 5. Is 6 a factor of h(-7)?
False
Let l(p) = -p**3 - p**2 + p. Let r be l(-2). Let k = 17 - r. Is 4 a factor of k?
False
Let b(n) = 2*n**2 + 10*n - 18. Does 9 divide b(-9)?
True
Let y be (-3)/(-9)*0 - -3. Suppose -2*b = -0*u + 2*u - 44, -y*u + 62 = -b. Is u a multiple of 21?
True
Let n(p) be the first derivative of -2/3*p**3 + p**2 + 1/2*p**4 - 2*p + 2. Does 10 divide n(2)?
True
Let s(p) = p**3 - 7*p**2 + 9*p - 1. Let c be s(6). Let i = 34 - c. Is i a multiple of 13?
False
Let h(f) = 16*f - 51. Does 11 divide h(8)?
True
Let s = -1 + 5. Suppose -s*c + 64 + 9 = 5*y, -5*y + 3*c + 94 = 0. Is 6 a factor of y?
False
Suppose 4*u = 61 + 115. Suppose -3*m + 125 = u. Is m a multiple of 9?
True
Suppose -25*b + 28*b = 438. Does 16 divide b?
False
Suppose -c - n = 2*n - 17, -c = n - 7. Let s be -2*(c + 15/(-6)). Does 3 divide (-2 + (3 - -2))/s?
True
Suppose 0 = -5*x + 3*m + 144, 4*m = -2*x + 31 + 37. Suppose 4*z + 78 = z + 5*c, z - 3*c = -x. Let p = z - -41. Is 10 a factor of p?
True
Let f be (-26)/1 + 2 + -2. Let u = -14 + 24. Is (f/(-3))/(u/15) a multiple of 11?
False
Suppose 2*y = -z - 8, 5*z + 0*y - 3*y = -27. Let d(p) = -p**3 - 5*p**2 + 4*p - 7. Let v be d(z). Is 12 a factor of 8/v*30/4?
True
Le